{"id":7,"date":"2017-10-01T17:17:19","date_gmt":"2017-10-01T15:17:19","guid":{"rendered":"http:\/\/www.studio-montanari.it\/?page_id=7"},"modified":"2025-11-28T11:16:41","modified_gmt":"2025-11-28T10:16:41","slug":"chi-siamo","status":"publish","type":"page","link":"https:\/\/www.studio-montanari.it\/index.php\/chi-siamo\/","title":{"rendered":"Chi Siamo"},"content":{"rendered":"\n<div class=\"smallContent\">\n<p style=\"font-size: 18px; line-height: 24px; margin-bottom: 60px;\">&#8220;Il nostro Studio si occupa da oltre vent\u2019anni di salute e sicurezza nei luoghi di lavoro, formazione e igiene degli alimenti.<br>La nostra attivit\u00e0 nasce dalla crescente richiesta da parte delle aziende di un alleato in grado di fornire assistenza continuativa e consulenza specializzata nel rispetto di tutte le normative in materia di salute e sicurezza sul lavoro (D. Lgs. 81\/08 e ss.mm.ii.) e igiene degli alimenti (H.A.C.C.P.).<br>Un team di tecnici specializzati, costantemente formato ed aggiornato, segue il cliente passo dopo passo con la massima disponibilit\u00e0, scrupolosit\u00e0 e puntualit\u00e0 per soddisfarlo in tutte le sue esigenze&#8221;<br><span style=\"font-size: 14px;\"><i>Dott. Luca Montanari<\/i><\/span><\/p>\n<div>&nbsp;<\/div>\n<div class=\"chisiamoimg\"><img src=\"https:\/\/www.studio-montanari.it\/wp-content\/uploads\/2018\/12\/_00A9061 copia.jpg\"><\/div>\n<div>&nbsp;<\/div>\n<div class=\"outer-accordion\">\n<div>&nbsp;<\/div>\n<h2>IL NOSTRO TEAM DI PROFESSIONISTI<\/h2>\n<div>&nbsp;<\/div>\n<p><button id=\"s1\" class=\"accordion\">Dott. Luca Montanari<\/button><\/p>\nFondatore dello studio, consulente in materia di salute e sicurezza nei luoghi di lavoro, Responsabile Servizio Prevenzione e Protezione (R.S.P.P.) per tutti i settori ATECO, formatore per la salute e sicurezza sul lavoro.\n<p><img src=\"https:\/\/www.studio-montanari.it\/wp-content\/uploads\/2018\/12\/lucapicc.jpg\"><\/div><\/p>\n<div>&nbsp;<\/div>\n<p><button id=\"s1\" class=\"accordion\">Dott. Gianluca Angelini<\/button><\/p>\nConsulente in materia di salute e sicurezza nei luoghi di lavoro, Responsabile Servizio Prevenzione e Protezione (R.S.P.P.) per tutti i settori ATECO, formatore per la salute e sicurezza sul lavoro.\n<p><img src=\"https:\/\/www.studio-montanari.it\/wp-content\/uploads\/2018\/12\/glucapicc.jpg\"><\/div><\/p>\n<div>&nbsp;<\/div>\n<p><button id=\"s1\" class=\"accordion\">Dott.ssa Silvia Santarelli<\/button><\/p>\nResponsabile amministrativo, collaboratrice area formazione.\n<p><img src=\"https:\/\/www.studio-montanari.it\/wp-content\/uploads\/2018\/12\/silviapicc.jpg\"><\/p>\n<div>&nbsp;<\/div>\n<p><button id=\"s1\" class=\"accordion\">Benedetta Tornani<\/button><\/p>\nCollaboratrice area formazione.\n<p><img src=\"https:\/\/www.studio-montanari.it\/wp-content\/uploads\/2018\/12\/bennipicc.jpg\"><\/p>\n<div>&nbsp;<\/div>\n<p><button id=\"s1\" class=\"accordion\">Dott.ssa Elisabetta Sanchini<\/button><\/p>\nTecnico in materia di salute e sicurezza nei luoghi di lavoro, collaboratrice area formazione.\n<p><img src=\"https:\/\/www.studio-montanari.it\/wp-content\/uploads\/2018\/12\/bettipicc.jpg\"><\/p>\n<div>&nbsp;<\/div>\n<p><button id=\"s1\" class=\"accordion\">Marco Ghilardi<\/button><\/p>\nTecnico&nbsp;H.A.C.C.P. &#8211; igiene degli alimenti &#8211; legionella.<\/div>\n\n","protected":false},"excerpt":{"rendered":"<p>&#8220;Il nostro Studio si occupa da oltre vent\u2019anni di salute e sicurezza nei luoghi di lavoro, formazione e igiene degli alimenti.La nostra attivit\u00e0 nasce dalla crescente richiesta da parte delle aziende di un alleato in grado di fornire assistenza continuativa e consulenza specializzata nel rispetto di tutte le normative in materia di salute e sicurezza [&hellip;]<\/p>\n","protected":false},"author":1,"featured_media":0,"parent":0,"menu_order":0,"comment_status":"closed","ping_status":"closed","template":"","meta":[],"_links":{"self":[{"href":"https:\/\/www.studio-montanari.it\/index.php\/wp-json\/wp\/v2\/pages\/7"}],"collection":[{"href":"https:\/\/www.studio-montanari.it\/index.php\/wp-json\/wp\/v2\/pages"}],"about":[{"href":"https:\/\/www.studio-montanari.it\/index.php\/wp-json\/wp\/v2\/types\/page"}],"author":[{"embeddable":true,"href":"https:\/\/www.studio-montanari.it\/index.php\/wp-json\/wp\/v2\/users\/1"}],"replies":[{"embeddable":true,"href":"https:\/\/www.studio-montanari.it\/index.php\/wp-json\/wp\/v2\/comments?post=7"}],"version-history":[{"count":62,"href":"https:\/\/www.studio-montanari.it\/index.php\/wp-json\/wp\/v2\/pages\/7\/revisions"}],"predecessor-version":[{"id":3769,"href":"https:\/\/www.studio-montanari.it\/index.php\/wp-json\/wp\/v2\/pages\/7\/revisions\/3769"}],"wp:attachment":[{"href":"https:\/\/www.studio-montanari.it\/index.php\/wp-json\/wp\/v2\/media?parent=7"}],"curies":[{"name":"wp","href":"https:\/\/api.w.org\/{rel}","templated":true}]}}